{"id":43,"date":"2013-09-17T10:25:30","date_gmt":"2013-09-17T10:25:30","guid":{"rendered":"http:\/\/localhost\/wordpress\/?page_id=43"},"modified":"2025-09-04T16:27:56","modified_gmt":"2025-09-04T15:27:56","slug":"az-iskolarol","status":"publish","type":"page","link":"http:\/\/www.aranyjanos.edu.rs\/sr\/az-iskolarol\/","title":{"rendered":"O \u0161koli"},"content":{"rendered":"<h4><strong>Nastava se odvija u tri zgrade<\/strong>:<\/h4>\n<p>&nbsp;<\/p>\n<p><img loading=\"lazy\" decoding=\"async\" class=\"alignnone wp-image-6521\" src=\"http:\/\/www.aranyjanos.edu.rs\/wp-content\/uploads\/2015\/10\/Oromhegyes-300x225.jpg\" alt=\"Oromhegyes\" width=\"367\" height=\"275\" srcset=\"https:\/\/www.aranyjanos.edu.rs\/sr\/wp-content\/uploads\/2015\/10\/Oromhegyes-300x225.jpg 300w, https:\/\/www.aranyjanos.edu.rs\/sr\/wp-content\/uploads\/2015\/10\/Oromhegyes-1024x768.jpg 1024w, https:\/\/www.aranyjanos.edu.rs\/sr\/wp-content\/uploads\/2015\/10\/Oromhegyes.jpg 1296w\" sizes=\"auto, (max-width: 367px) 100vw, 367px\" \/><\/p>\n<p>&#8211; U Tre\u0161njevcu, gde je mati\u010dna \u0161kola,<\/p>\n<p><img loading=\"lazy\" decoding=\"async\" class=\"alignnone  wp-image-6520\" src=\"http:\/\/www.aranyjanos.edu.rs\/wp-content\/uploads\/2015\/10\/Orom-300x225.jpg\" alt=\"Orom\" width=\"367\" height=\"275\" srcset=\"https:\/\/www.aranyjanos.edu.rs\/sr\/wp-content\/uploads\/2015\/10\/Orom-300x225.jpg 300w, https:\/\/www.aranyjanos.edu.rs\/sr\/wp-content\/uploads\/2015\/10\/Orom-1024x768.jpg 1024w, https:\/\/www.aranyjanos.edu.rs\/sr\/wp-content\/uploads\/2015\/10\/Orom.jpg 1296w\" sizes=\"auto, (max-width: 367px) 100vw, 367px\" \/><\/p>\n<p>&#8211; U Oromu,<\/p>\n<p><img loading=\"lazy\" decoding=\"async\" class=\"alignnone  wp-image-6518\" src=\"http:\/\/www.aranyjanos.edu.rs\/wp-content\/uploads\/2015\/10\/Tothfalu-300x225.jpg\" alt=\"Tothfalu\" width=\"363\" height=\"272\" srcset=\"https:\/\/www.aranyjanos.edu.rs\/sr\/wp-content\/uploads\/2015\/10\/Tothfalu-300x225.jpg 300w, https:\/\/www.aranyjanos.edu.rs\/sr\/wp-content\/uploads\/2015\/10\/Tothfalu-1024x768.jpg 1024w, https:\/\/www.aranyjanos.edu.rs\/sr\/wp-content\/uploads\/2015\/10\/Tothfalu.jpg 1600w\" sizes=\"auto, (max-width: 363px) 100vw, 363px\" \/><\/p>\n<p>&#8211; u Totovom selu.<\/p>\n<p>&nbsp;<\/p>\n","protected":false},"excerpt":{"rendered":"<p>Nastava se odvija u tri zgrade: &nbsp; &#8211; U Tre\u0161njevcu, gde je mati\u010dna \u0161kola, &#8211; U Oromu, &#8211; u Totovom selu. &nbsp;<\/p>\n","protected":false},"author":1,"featured_media":0,"parent":0,"menu_order":100,"comment_status":"open","ping_status":"closed","template":"","meta":{"ngg_post_thumbnail":0,"footnotes":"","_links_to":"","_links_to_target":""},"class_list":["post-43","page","type-page","status-publish","hentry","nodate","item-wrap"],"_links":{"self":[{"href":"http:\/\/www.aranyjanos.edu.rs\/sr\/wp-json\/wp\/v2\/pages\/43","targetHints":{"allow":["GET"]}}],"collection":[{"href":"http:\/\/www.aranyjanos.edu.rs\/sr\/wp-json\/wp\/v2\/pages"}],"about":[{"href":"http:\/\/www.aranyjanos.edu.rs\/sr\/wp-json\/wp\/v2\/types\/page"}],"author":[{"embeddable":true,"href":"http:\/\/www.aranyjanos.edu.rs\/sr\/wp-json\/wp\/v2\/users\/1"}],"replies":[{"embeddable":true,"href":"http:\/\/www.aranyjanos.edu.rs\/sr\/wp-json\/wp\/v2\/comments?post=43"}],"version-history":[{"count":12,"href":"http:\/\/www.aranyjanos.edu.rs\/sr\/wp-json\/wp\/v2\/pages\/43\/revisions"}],"predecessor-version":[{"id":8105,"href":"http:\/\/www.aranyjanos.edu.rs\/sr\/wp-json\/wp\/v2\/pages\/43\/revisions\/8105"}],"wp:attachment":[{"href":"http:\/\/www.aranyjanos.edu.rs\/sr\/wp-json\/wp\/v2\/media?parent=43"}],"curies":[{"name":"wp","href":"https:\/\/api.w.org\/{rel}","templated":true}]}}

O školi

<h4><strong>Nastava se odvija u tri zgrade</strong>:</h4>
<p>&nbsp;</p>
<p><img loading="lazy" decoding="async" class="alignnone wp-image-6521" src="http://www.aranyjanos.edu.rs/wp-content/uploads/2015/10/Oromhegyes-300x225.jpg" alt="Oromhegyes" width="367" height="275" srcset="https://www.aranyjanos.edu.rs/sr/wp-content/uploads/2015/10/Oromhegyes-300x225.jpg 300w, https://www.aranyjanos.edu.rs/sr/wp-content/uploads/2015/10/Oromhegyes-1024x768.jpg 1024w, https://www.aranyjanos.edu.rs/sr/wp-content/uploads/2015/10/Oromhegyes.jpg 1296w" sizes="auto, (max-width: 367px) 100vw, 367px" /></p>
<p>&#8211; U Trešnjevcu, gde je matična škola,</p>
<p><img loading="lazy" decoding="async" class="alignnone  wp-image-6520" src="http://www.aranyjanos.edu.rs/wp-content/uploads/2015/10/Orom-300x225.jpg" alt="Orom" width="367" height="275" srcset="https://www.aranyjanos.edu.rs/sr/wp-content/uploads/2015/10/Orom-300x225.jpg 300w, https://www.aranyjanos.edu.rs/sr/wp-content/uploads/2015/10/Orom-1024x768.jpg 1024w, https://www.aranyjanos.edu.rs/sr/wp-content/uploads/2015/10/Orom.jpg 1296w" sizes="auto, (max-width: 367px) 100vw, 367px" /></p>
<p>&#8211; U Oromu,</p>
<p><img loading="lazy" decoding="async" class="alignnone  wp-image-6518" src="http://www.aranyjanos.edu.rs/wp-content/uploads/2015/10/Tothfalu-300x225.jpg" alt="Tothfalu" width="363" height="272" srcset="https://www.aranyjanos.edu.rs/sr/wp-content/uploads/2015/10/Tothfalu-300x225.jpg 300w, https://www.aranyjanos.edu.rs/sr/wp-content/uploads/2015/10/Tothfalu-1024x768.jpg 1024w, https://www.aranyjanos.edu.rs/sr/wp-content/uploads/2015/10/Tothfalu.jpg 1600w" sizes="auto, (max-width: 363px) 100vw, 363px" /></p>
<p>&#8211; u Totovom selu.</p>
<p>&nbsp;</p>

<p>Nastava se odvija u tri zgrade: &nbsp; &#8211; U Trešnjevcu, gde je matična škola, &#8211; U Oromu, &#8211; u Totovom selu. &nbsp;</p>
